{"id":160,"date":"2015-06-04T13:51:23","date_gmt":"2015-06-04T13:51:23","guid":{"rendered":"http:\/\/preview.byaviators.com\/theme\/megareal\/?page_id=160"},"modified":"2019-06-21T18:09:55","modified_gmt":"2019-06-21T16:09:55","slug":"poptavka-po-kancelarich-k-pronajmu","status":"publish","type":"page","link":"https:\/\/www.prazskekancelare.com\/test\/poptavka-po-kancelarich-k-pronajmu\/","title":{"rendered":"<strong>Nab\u00eddka kancel\u00e1\u0159\u00ed na m\u00edru do 30 min. &#038; BEZ PROVIZE!<\/strong>"},"content":{"rendered":"<h3><span style=\"color: #ff0000;\"><strong>NENA\u0160LI JSTE\u00a0?\u00a0\u00a0<\/strong><span style=\"color: #000000;\">|<\/span><strong>\u00a0 CHCETE NAB\u00cdDKU NA M\u00cdRU ?\u00a0\u00a0<\/strong><span style=\"color: #000000;\">|<\/span><strong>\u00a0 NEM\u00c1TE \u010cAS ?\u00a0 <\/strong>\u00a0<strong>\u00a0 \u00a0<\/strong><\/span><\/h3>\n<h4><span style=\"color: #000000;\">Vypl\u0148te pros\u00edm Rychlou popt\u00e1vku a my se o v\u0161e postar\u00e1me. <\/span><\/h4>\n<h4><span style=\"color: #000000;\">D\u011bkujeme!<\/span><\/h4>\n<p><div role=\"form\" class=\"wpcf7\" id=\"wpcf7-f867-o1\" lang=\"en-US\" dir=\"ltr\">\n<div class=\"screen-reader-response\"><p role=\"status\" aria-live=\"polite\" aria-atomic=\"true\"><\/p> <ul><\/ul><\/div>\n<form action=\"\/test\/wp-json\/wp\/v2\/pages\/160#wpcf7-f867-o1\" method=\"post\" class=\"wpcf7-form init\" novalidate=\"novalidate\" data-status=\"init\">\n<div style=\"display: none;\">\n<input type=\"hidden\" name=\"_wpcf7\" value=\"867\" \/>\n<input type=\"hidden\" name=\"_wpcf7_version\" value=\"5.4.1\" \/>\n<input type=\"hidden\" name=\"_wpcf7_locale\" value=\"en_US\" \/>\n<input type=\"hidden\" name=\"_wpcf7_unit_tag\" value=\"wpcf7-f867-o1\" \/>\n<input type=\"hidden\" name=\"_wpcf7_container_post\" value=\"0\" \/>\n<input type=\"hidden\" name=\"_wpcf7_posted_data_hash\" value=\"\" \/>\n<input type=\"hidden\" name=\"_wpcf7_recaptcha_response\" value=\"\" \/>\n<\/div>\n<div class=\"row\">\n<div class= \"col-sm-6\">\n<h3>Parametry kancel\u00e1\u0159e<\/h3>\n<div class=\"form-group\">\n<span class=\"wpcf7-form-control-wrap lokalita\"><input type=\"text\" name=\"lokalita\" value=\"\" size=\"40\" class=\"wpcf7-form-control wpcf7-text wpcf7-validates-as-required form-control\" aria-required=\"true\" aria-invalid=\"false\" placeholder=\"Lokalita*\" \/><\/span>\n<\/div>\n<div class=\"form-group\">\n<span class=\"wpcf7-form-control-wrap velikost\"><input type=\"text\" name=\"velikost\" value=\"\" size=\"40\" class=\"wpcf7-form-control wpcf7-text wpcf7-validates-as-required form-control\" aria-required=\"true\" aria-invalid=\"false\" placeholder=\"Velikost*\" \/><\/span>\n<\/div>\n<p>M\u011bs\u00ed\u010dn\u00ed n\u00e1jem (K\u010d\/m2) <span class=\"wpcf7-form-control-wrap menu-42\"><select name=\"menu-42\" class=\"wpcf7-form-control wpcf7-select form-control\" aria-invalid=\"false\"><option value=\"nev\u00edm\">nev\u00edm<\/option><option value=\"do 200 K\u010d\/m2\/m\u011bs\u00edc\">do 200 K\u010d\/m2\/m\u011bs\u00edc<\/option><option value=\"do 300 K\u010d\/m2\/m\u011bs\u00edc\">do 300 K\u010d\/m2\/m\u011bs\u00edc<\/option><option value=\"do 400 K\u010d\/m2\/m\u011bs\u00edc\">do 400 K\u010d\/m2\/m\u011bs\u00edc<\/option><option value=\"do 500 K\u010d\/m2\/m\u011bs\u00edc\">do 500 K\u010d\/m2\/m\u011bs\u00edc<\/option><option value=\"i v\u00edce\">i v\u00edce<\/option><\/select><\/span><\/p>\n<p>M\u011bs\u00ed\u010dn\u00ed rozpo\u010det <span class=\"wpcf7-form-control-wrap menu-43\"><select name=\"menu-43\" class=\"wpcf7-form-control wpcf7-select form-control\" aria-invalid=\"false\"><option value=\"nev\u00edm\">nev\u00edm<\/option><option value=\"do 10 000 K\u010d\">do 10 000 K\u010d<\/option><option value=\"do 20 000 K\u010d\">do 20 000 K\u010d<\/option><option value=\"do 30 000 K\u010d\">do 30 000 K\u010d<\/option><option value=\"do 40 000 K\u010d\">do 40 000 K\u010d<\/option><option value=\"do 50 000 K\u010d\">do 50 000 K\u010d<\/option><option value=\"i v\u00edce\">i v\u00edce<\/option><\/select><\/span><\/p>\n<div class=\"form-group\">\n<span class=\"wpcf7-form-control-wrap popis\"><textarea name=\"popis\" cols=\"40\" rows=\"3\" class=\"wpcf7-form-control wpcf7-textarea wpcf7-validates-as-required form-control\" aria-required=\"true\" aria-invalid=\"false\" placeholder=\"Popis*\"><\/textarea><\/span>\n<\/div>\n<\/div>\n<div class= \"col-sm-6\">\n<h3>Kontakt na v\u00e1s<\/h3>\n<div class=\"form-group\">\n<span class=\"wpcf7-form-control-wrap jmeno\"><input type=\"text\" name=\"jmeno\" value=\"\" size=\"40\" class=\"wpcf7-form-control wpcf7-text wpcf7-validates-as-required form-control\" aria-required=\"true\" aria-invalid=\"false\" placeholder=\"Jm\u00e9no*\" \/><\/span>\n<\/div>\n<div class=\"form-group\">\n<span class=\"wpcf7-form-control-wrap spolecnost\"><input type=\"text\" name=\"spolecnost\" value=\"\" size=\"40\" class=\"wpcf7-form-control wpcf7-text form-control\" aria-invalid=\"false\" placeholder=\"Spole\u010dnost\" \/><\/span>\n<\/div>\n<div class=\"form-group\">\n<span class=\"wpcf7-form-control-wrap email\"><input type=\"email\" name=\"email\" value=\"\" size=\"40\" class=\"wpcf7-form-control wpcf7-text wpcf7-email wpcf7-validates-as-required wpcf7-validates-as-email form-control\" aria-required=\"true\" aria-invalid=\"false\" placeholder=\"E-mail*\" \/><\/span>\n<\/div>\n<div class=\"form-group\">\n<span class=\"wpcf7-form-control-wrap telefon\"><input type=\"text\" name=\"telefon\" value=\"\" size=\"40\" class=\"wpcf7-form-control wpcf7-text wpcf7-validates-as-required form-control\" aria-required=\"true\" aria-invalid=\"false\" placeholder=\"Telefon*\" \/><\/span>\n<\/div>\n<div class=\"form-group\">\n<span class=\"wpcf7-form-control-wrap accept-this-3\"><span class=\"wpcf7-form-control wpcf7-acceptance\"><span class=\"wpcf7-list-item\"><input type=\"checkbox\" name=\"accept-this-3\" value=\"1\" aria-invalid=\"false\" checked=\"checked\" \/><\/span><\/span><\/span><span class=\"provize-text\">Souhlas\u00edm s jednor\u00e1zov\u00fdm zpracov\u00e1n\u00edm <a href=\"https:\/\/www.prazskekancelare.com\/test\/pronajem-kancelari-praha-gdpr\/\">osobn\u00edch \u00fadaj\u016f<\/a>.<\/span>\n<\/div>\n<div class=\"form-group\">\n<input type=\"submit\" class=\"btn btn-secondary pull-right\" value=\"Poslat\">\n<\/div>\n<\/div>\n<\/div>\n<div class=\"wpcf7-response-output\" aria-hidden=\"true\"><\/div><\/form><\/div><br \/>\nT\u011b\u0161\u00edme se na spolupr\u00e1ci a d\u011bkujeme za d\u016fv\u011bru.<\/p>\n<p>Kolektiv Pra\u017esk\u00fdch kancel\u00e1\u0159\u00ed.<\/p>\n","protected":false},"excerpt":{"rendered":"<p>NENA\u0160LI JSTE\u00a0?\u00a0\u00a0|\u00a0 CHCETE NAB\u00cdDKU NA M\u00cdRU ?\u00a0\u00a0|\u00a0 NEM\u00c1TE \u010cAS ?\u00a0 \u00a0\u00a0 \u00a0 Vypl\u0148te pros\u00edm Rychlou popt\u00e1vku a my se o v\u0161e postar\u00e1me. D\u011bkujeme! T\u011b\u0161\u00edme se na spolupr\u00e1ci a d\u011bkujeme za d\u016fv\u011bru. Kolektiv Pra\u017esk\u00fdch kancel\u00e1\u0159\u00ed.<\/p>\n","protected":false},"author":1,"featured_media":0,"parent":0,"menu_order":0,"comment_status":"closed","ping_status":"closed","template":"","meta":[],"yoast_head":"<!-- This site is optimized with the Yoast SEO plugin v16.4 - https:\/\/yoast.com\/wordpress\/plugins\/seo\/ -->\n<title>Pron\u00e1jem kancel\u00e1\u0159e Praha 10 | 0% Provize | 1000 Kancel\u00e1\u0159\u00ed levn\u011b \u00ae<\/title>\n<meta name=\"description\" content=\"Popt\u00e1vejte pron\u00e1jem kancel\u00e1\u0159\u00ed na Praze 10 a v jin\u00fdch lokalit\u00e1ch Prahy. Najdeme V\u00e1m kancel\u00e1\u0159e k pron\u00e1jmu do 30 minut a Bez provize.\" \/>\n<meta name=\"robots\" content=\"noindex, follow, max-snippet:-1, max-image-preview:large, max-video-preview:-1\" \/>\n<meta property=\"og:locale\" content=\"cs_CZ\" \/>\n<meta property=\"og:type\" content=\"article\" \/>\n<meta property=\"og:title\" content=\"Pron\u00e1jem kancel\u00e1\u0159e Praha 10 | 0% Provize | 1000 Kancel\u00e1\u0159\u00ed levn\u011b \u00ae\" \/>\n<meta property=\"og:description\" content=\"Popt\u00e1vejte pron\u00e1jem kancel\u00e1\u0159\u00ed na Praze 10 a v jin\u00fdch lokalit\u00e1ch Prahy. Najdeme V\u00e1m kancel\u00e1\u0159e k pron\u00e1jmu do 30 minut a Bez provize.\" \/>\n<meta property=\"og:url\" content=\"https:\/\/www.prazskekancelare.com\/test\/poptavka-po-kancelarich-k-pronajmu\/\" \/>\n<meta property=\"og:site_name\" content=\"TEST - Pron\u00e1jem kancel\u00e1\u0159e Praha\" \/>\n<meta property=\"article:modified_time\" content=\"2019-06-21T16:09:55+00:00\" \/>\n<meta name=\"twitter:card\" content=\"summary\" \/>\n<script type=\"application\/ld+json\" class=\"yoast-schema-graph\">{\"@context\":\"https:\/\/schema.org\",\"@graph\":[{\"@type\":\"Organization\",\"@id\":\"https:\/\/www.prazskekancelare.com\/test\/#organization\",\"name\":\"Pron\\u00e1jem kancel\\u00e1\\u0159e Praha\",\"url\":\"https:\/\/www.prazskekancelare.com\/test\/\",\"sameAs\":[],\"logo\":{\"@type\":\"ImageObject\",\"@id\":\"https:\/\/www.prazskekancelare.com\/test\/#logo\",\"inLanguage\":\"cs\",\"url\":\"https:\/\/www.prazskekancelare.com\/test\/wp-content\/uploads\/2018\/05\/prazske-kancelare-com-logo.png\",\"contentUrl\":\"https:\/\/www.prazskekancelare.com\/test\/wp-content\/uploads\/2018\/05\/prazske-kancelare-com-logo.png\",\"width\":242,\"height\":59,\"caption\":\"Pron\\u00e1jem kancel\\u00e1\\u0159e Praha\"},\"image\":{\"@id\":\"https:\/\/www.prazskekancelare.com\/test\/#logo\"}},{\"@type\":\"WebSite\",\"@id\":\"https:\/\/www.prazskekancelare.com\/test\/#website\",\"url\":\"https:\/\/www.prazskekancelare.com\/test\/\",\"name\":\"TEST - Pron\\u00e1jem kancel\\u00e1\\u0159e Praha\",\"description\":\"Pron\\u00e1jem kancel\\u00e1\\u0159e Praha a Kancelare Praha\",\"publisher\":{\"@id\":\"https:\/\/www.prazskekancelare.com\/test\/#organization\"},\"potentialAction\":[{\"@type\":\"SearchAction\",\"target\":\"https:\/\/www.prazskekancelare.com\/test\/?s={search_term_string}\",\"query-input\":\"required name=search_term_string\"}],\"inLanguage\":\"cs\"},{\"@type\":\"WebPage\",\"@id\":\"https:\/\/www.prazskekancelare.com\/test\/poptavka-po-kancelarich-k-pronajmu\/#webpage\",\"url\":\"https:\/\/www.prazskekancelare.com\/test\/poptavka-po-kancelarich-k-pronajmu\/\",\"name\":\"Pron\\u00e1jem kancel\\u00e1\\u0159e Praha 10 | 0% Provize | 1000 Kancel\\u00e1\\u0159\\u00ed levn\\u011b \\u00ae\",\"isPartOf\":{\"@id\":\"https:\/\/www.prazskekancelare.com\/test\/#website\"},\"datePublished\":\"2015-06-04T13:51:23+00:00\",\"dateModified\":\"2019-06-21T16:09:55+00:00\",\"description\":\"Popt\\u00e1vejte pron\\u00e1jem kancel\\u00e1\\u0159\\u00ed na Praze 10 a v jin\\u00fdch lokalit\\u00e1ch Prahy. Najdeme V\\u00e1m kancel\\u00e1\\u0159e k pron\\u00e1jmu do 30 minut a Bez provize.\",\"breadcrumb\":{\"@id\":\"https:\/\/www.prazskekancelare.com\/test\/poptavka-po-kancelarich-k-pronajmu\/#breadcrumb\"},\"inLanguage\":\"cs\",\"potentialAction\":[{\"@type\":\"ReadAction\",\"target\":[\"https:\/\/www.prazskekancelare.com\/test\/poptavka-po-kancelarich-k-pronajmu\/\"]}]},{\"@type\":\"BreadcrumbList\",\"@id\":\"https:\/\/www.prazskekancelare.com\/test\/poptavka-po-kancelarich-k-pronajmu\/#breadcrumb\",\"itemListElement\":[{\"@type\":\"ListItem\",\"position\":1,\"item\":{\"@type\":\"WebPage\",\"@id\":\"https:\/\/www.prazskekancelare.com\/test\/\",\"url\":\"https:\/\/www.prazskekancelare.com\/test\/\",\"name\":\"Dom\\u016f\"}},{\"@type\":\"ListItem\",\"position\":2,\"item\":{\"@id\":\"https:\/\/www.prazskekancelare.com\/test\/poptavka-po-kancelarich-k-pronajmu\/#webpage\"}}]}]}<\/script>\n<!-- \/ Yoast SEO plugin. -->","_links":{"self":[{"href":"https:\/\/www.prazskekancelare.com\/test\/wp-json\/wp\/v2\/pages\/160"}],"collection":[{"href":"https:\/\/www.prazskekancelare.com\/test\/wp-json\/wp\/v2\/pages"}],"about":[{"href":"https:\/\/www.prazskekancelare.com\/test\/wp-json\/wp\/v2\/types\/page"}],"author":[{"embeddable":true,"href":"https:\/\/www.prazskekancelare.com\/test\/wp-json\/wp\/v2\/users\/1"}],"replies":[{"embeddable":true,"href":"https:\/\/www.prazskekancelare.com\/test\/wp-json\/wp\/v2\/comments?post=160"}],"version-history":[{"count":0,"href":"https:\/\/www.prazskekancelare.com\/test\/wp-json\/wp\/v2\/pages\/160\/revisions"}],"wp:attachment":[{"href":"https:\/\/www.prazskekancelare.com\/test\/wp-json\/wp\/v2\/media?parent=160"}],"curies":[{"name":"wp","href":"https:\/\/api.w.org\/{rel}","templated":true}]}}